*2. Let a(w) = -11*k(w) - 4*s(w). Determine a(-2).
6
Let h(t) be the second derivative of -t**7/2520 + t**6/720 - t**5/15 - t**4/3 - 8*t. Let b(p) be the third derivative of h(p). What is b(0)?
-8
Let x(u) be the third derivative of -u**5/60 + 7*u**3/6 + u**2. Let s(b) = b**3 - 4*b**2 + b - 4. Let o be s(4). What is x(o)?
7
Let y(o) = 3*o**3 - 3*o**2 + 2. Suppose 4*x + 2*m = 0, 5*x + 4*m = 3 - 9. What is y(x)?
14
Let s be (-5)/(-7) + 2/7. Let h = s - -3. Suppose -3*n - 1 = -h. Let x(z) = -3*z. Determine x(n).
-3
Suppose 2*i = 5*g - 19, -2*i - g - 2*g = -21. Let w(k) = -5 - k + 6*k + 5*k**3 - 4*k**2 - 6*k**i. Calculate w(-5).
-5
Let y(g) = -g**3 + g. Suppose -1 = -q - 0. Let k(z) = 7*z + 1 - 5 - 8*z**3 + z**3 + 3*z**2. Let p(b) = q*k(b) - 6*y(b). Calculate p(3).
-1
Let a(u) = -u**3 - 4*u**2 + 5*u + 4. Let v(z) = z + 2. Let m = 1 - 8. Let l be v(m). Give a(l).
4
Let r(t) = -t - 8. Let u(h) = 3*h + 23. Let s(x) = 17*r(x) + 6*u(x). Give s(-4).
-2
Let q(f) = -f**2 + 10*f + 6. Let j be q(10). Suppose -j = 2*b - 22. Let a be 22/(-4) - 4/b. Let w(s) = -s**3 - 6*s**2 - 3. What is w(a)?
-3
Let j(h) = -2*h - 13. Let t be j(-7). Suppose -m - m - 5*f = 14, -11 = -5*m - f. Let l(r) = 3*r**m + 1 - r - r**3 + 3*r**3. Give l(t).
5
Let w(z) be the third derivative of -z**5/60 - 2*z**3/3 + 24*z**2. Determine w(0).
-4
Let z(d) = -d + 5. Let s = 8 - 5. Let m = s - 1. Let n(b) = 2*b + 1. Let l be n(m). Determine z(l).
0
Let p(m) = -m**2 - 4*m + 1. Suppose -5*c - 4*c = 45. Calculate p(c).
-4
Suppose 0 = -c - 3*c + 8. Suppose c*w = -w - 15. Let v(b) = -b**2 - 6*b - 6. Give v(w).
-1
Let q(u) = -u**2 + 6. Let s(p) = p**3 - p**2 - p + 6. Let f be s(0). Suppose 0 = -5*c - o - 37, -2*o + 2 = f. Let n = -7 - c. Give q(n).
6
Let j(i) = 9*i**3 + 6*i - 4. Let r(y) = -10*y**3 - 7*y + 5. Let a(b) = -6*j(b) - 5*r(b). What is a(-1)?
4
Let u(k) = -2*k**2 - 3*k + 4. Let j(l) = -4*l + 61. Let p be j(16). Determine u(p).
-5
Let u(n) = -6 + n - 3 + 1. Suppose -2 = -2*p + 2*g + 3*g, -p - g = -8. What is u(p)?
-2
Let n(g) be the third derivative of g**4/4 - 19*g**2. Determine n(-1).
-6
Let c(n) = -n + 2*n - 2*n + 0 - 3. Let g(m) = -m**2 + 7*m - 2. Let w be g(4). Suppose -k = -3*k - w. What is c(k)?
2
Let o(l) = 2*l - 1. Suppose t + 0*t - 3*s = 8, 0 = 2*s + 8. Let g be t/6 - (-140)/30. Determine o(g).
7
Let q(l) = l**2 + 4*l + 1. Let m(s) = 18*s - 112. Let t be m(6). Calculate q(t).
1
Let u(k) = -k - 4. Suppose 0 = 2*q + 5*j + 8 - 29, 2*q - 15 = -3*j. What is u(q)?
-7
Suppose -3*y + 8 = y. Let j be (-1 + y)*(10 + -4). Let s(q) = 1 + 4*q - 1 - j*q. Give s(3).
-6
Let j be (-75)/10*(-4)/5. Let w(v) = -v**3 + 7*v**2 - 7*v + 7. Give w(j).
1
Let k(i) = 2*i + 7. Suppose 2 = 2*l - 12. Determine k(l).
21
Let w = 7 - 12. Let f(t) = t**3 - t**2 - 7*t - 7. Let v(o) = -o**3 + 12*o**2 + 6*o - 12*o**2 + 6. Let g(d) = 5*f(d) + 6*v(d). Give g(w).
-4
Let g(d) = -2*d - 2 - 1 + 3 - 8. Calculate g(-7).
6
Let o = 63 + -59. Let b(j) = -j**3 + 4*j**2 + 2*j - 3. Give b(o).
5
Suppose -h - 24 = -4. Let i = 22 + h. Let y(q) = -2*q**2 + 1 + 0 + q + 0*q**2. Give y(i).
-5
Let w(s) = -2*s + 4. Let b be w(2). Let z(f) be the second derivative of -f**4/12 - f**3/6 - 5*f**2/2 - f. Give z(b).
-5
Let s(c) = -c**2 - 1. Let i(r) = -3*r**2 - 2. Let y(d) = -4*i(d) + 7*s(d). Let z(h) = -h**3 - 11*h**2 + 1. Let f be z(-11). Suppose -5*u + f = -4. Give y(u).
6
Let n = -13 + 15. Let y(x) = -1 - 4*x + 0*x**3 - n*x**2 - x**3 + 4 + 9*x. Give y(-3).
-3
Let b(s) = 2*s**2 - 2*s + 2. Let l(n) = -n**2 - 9*n - 15. Let a be l(-6). Suppose r - 5 = -3*y + 13, -4*r - a*y = -27. Calculate b(r).
14
Let n be (4 - 50/15) + 87/(-9). Let o(r) = -r - 8. Determine o(n).
1
Let p be 2/(2 - -2 - 0). Let z(b) be the second derivative of p*b**2 + b + 0 - 1/6*b**3 + 2/5*b**5 + 0*b**4. Give z(1).
8
Let w(t) = t**2 - 3*t + 1. Let v be 10/(3 + -5) - -1. Let d = v - -7. Calculate w(d).
1
Let b(n) = -2*n**2 - 2 - 9*n + 5*n + 3*n. Determine b(-2).
-8
Let t(q) = -11*q + 3. Let r(m) = 13*m - 4. Let y(x) = -5*r(x) - 6*t(x). What is y(-4)?
-2
Let o(x) = -3 + 3*x - 2*x + 4 + 7. Calculate o(-10).
-2
Let h(c) be the second derivative of -3*c**3/2 + c**2 - 3*c. Let j(s) = -5*s + 1. Let t(k) = -6*h(k) + 11*j(k). Give t(5).
-6
Suppose 5*t - 14 = -4. Suppose -11 = -4*b - 3. Let p(z) = 5*z**b + 5*z - 6 + 0*z**2 + z**t + z**3. Determine p(-5).
-6
Let m(c) be the third derivative of c**5/24 + c**4/24 - c**3/3 + 2*c**2. Let s(o) be the first derivative of m(o). Determine s(-1).
-4
Suppose -6 = -x - 1. Let o(n) = -n**2 + 5*n - 6. Determine o(x).
-6
Let j(u) = 2*u - 1. Let d be j(3). Let i(f) = 5. Let c(o) = -o**2 + o. Let y be c(-1). Let v(g) = -g - 20. Let w(m) = y*v(m) - 9*i(m). Calculate w(d).
5
Let b be 5/15 + 22/6. Let w(g) = 4*g**2 + 1 - 5 + 6*g - b*g**2 - g**2. What is w(6)?
-4
Let y(d) = 5*d + 2. Suppose -2*r - 2*r = 16. Let b be (-3)/(-1) + -1 - r. Let p(h) = -9*h - 4. Let a(u) = b*p(u) + 11*y(u). Give a(4).
2
Let y(t) be the third derivative of -t**4/24 + 3*t**2. Suppose -4*z + 5*o + 20 = z, -2*z = -4*o - 16. Let w = 0 - z. Determine y(w).
0
Let z(u) be the first derivative of -u**4/4 + 2*u**3 + 3*u**2 + 3*u - 7. Let f be z(7). Let c(g) = g**3 + 5*g**2 + 7*g + 4. Give c(f).
-8
Let w(m) = -m + 6. Suppose -3*h - 10 = 2*h. Let s = 5 + h. What is w(s)?
3
Let k(i) = i**3 - 5*i**2 + 4*i - 4. Let z(g) = -g**2 + 7*g - 8. Let x be z(4). Determine k(x).
-4
Let w(p) be the first derivative of 3/4*p**4 - 4*p + 7/3*p**3 + 3 + 0*p**2. Let f(t) = 7*t**3 + 15*t**2 - t - 9. Let d(b) = -2*f(b) + 5*w(b). Determine d(-4).
6
Let c(n) be the second derivative of -n**3/6 + 2*n. Let z be (2 - 1)/((-2)/10). Give c(z).
5
Let i(v) = v**2 + 4*v - 3. Let s(n) be the first derivative of -n**3/3 - 3*n**2/2 + n - 1. Let o be (-8)/10*(4 + 1). Let g be s(o). Calculate i(g).
-6
Let t(k) = k**3 - k**2 + 1. Let c(v) = 7*v**2 - 6. Let i(p) = -c(p) - t(p). What is i(-6)?
5
Let w(s) = 2*s - 9. Let b be w(6). Let m(j) = 5*j - 10*j + 0*j + 2*j - 1 + 2. What is m(b)?
-8
Let y = -9 + 9. Let r be y/(-1) + 20/(-5). Let q be (-10)/(-15)*(-30)/r. Let x(d) = d**2 - 6*d - 7. What is x(q)?
-12
Let p(i) = 0*i**3 + 2*i + i**3 + 4*i**2 + 0*i**3 - i. Let k = 0 - 1. Let b be (2 - k)/((-3)/4). Determine p(b).
-4
Let h(y) be the first derivative of -1/30*y**5 - 1/12*y**4 + 1 + 0*y + 2/3*y**3 + 0*y**2. Let l(z) be the third derivative of h(z). What is l(-3)?
10
Let w(q) = q**2 - q + 5. Let v(d) = -d**2 + d - 5. Let o(s) = -5*v(s) - 4*w(s). Calculate o(0).
5
Let p be 36/(-198) + (-2)/(-22)*-53. Let z = 3 + 3. Let d(h) = -2*h**2 - 17*h - 3. Let v(f) = f**2 + 9*f + 2. Let x(m) = z*d(m) + 11*v(m). Calculate x(p).
-6
Let u(o) be the third derivative of o**5/30 + 5*o**4/12 + o**3 - 9*o**2. What is u(-6)?
18
Let x = -3 + 2. Let t be 2 + x + -1 + 2. Let v(z) = -z**2 - 2*z**2 + z**2 + t*z + 1. Determine v(2).
-3
Let w(r) = -r**3 - 6*r**2 + 6*r - 5. Let g(n) = -6*n**3 - 30*n**2 + 31*n - 25. Let c(m) = -2*g(m) + 11*w(m). Give c(5).
-10
Suppose -2*x - 1 = -0*x + 5*p, -2*x + 26 = -4*p. Suppose -4*q - 1 + x = -2*w, 3*q - 37 = -5*w. Let y(t) = q*t - 2*t + 0*t + 1. What is y(2)?
5
Suppose 6*j - 2*j + 4*d = -16, 0 = -3*d + 3. Let r(q) = q + 4. What is r(j)?
-1
Let n(f) be the first derivative of f**3/3 + f**2/2 + f + 1. Give n(-1).
1
Let n(d) be the second derivative of -d**6/120 + d**5/15 - d**4/8 - 2*d**3/3 - 3*d**2/2 + 2*d. Let w(c) be the first derivative of n(c). What is w(3)?
-4
Let g(j) = j + 4. Suppose 4*v = 17 - 41. What is g(v)?
-2
Suppose 3*g - 3 = -3*q, -2*q - g = 2*g + 3. Let r(y) = -2*y + 3. Calculate r(q).
-9
Let m(s) = -4*s + 43. Let u be m(12). Let z(d) = d**3 + 6*d**2 + 3*d - 4. Determine z(u).
6
Let u(l) = 6 - 26*l - 20*l + 47*l - l**3 + l**2. What is u(0)?
6
Let c(i) = -4 + 2*i**3 - 2*i - 9*i**3 + 3 + 0 - i**2. Determine c(-1).
7
Let o(y) = 2*y. Let p(w) = w + 1. Let x(d) = o(d) - 3*p(d). Let z = -88 - -88. Give x(z).
-3
Let y(j) = -18*j - 14. Let h(s) = 6*s + 5. Let b(z) = -17*h(z) - 6*y(z). Let u be b(1). Let g(k) = -k + u*k - 2*k. Determine g(-4).
-8
Let s(q) = -4 + 19*q**2 + 0 - 18*q**2 + q - 1. What is s(0)?
-5
Let l(v) = -2*v + 9. Let m be l(6). Let b(z) be the first derivative of z**4/4 + z**3 - 3*z**2/2 - 2*z - 4. Calculate b(m).
7
Let l(c) = -2*c**2 - 4*c - 2. Suppose d - 2*d + 24 = 0. Suppose -4*b = 8 - d. Sup